{"id":56,"date":"2009-03-02T11:21:48","date_gmt":"2009-03-02T17:21:48","guid":{"rendered":"http:\/\/www.distribuciondinamica.com\/?page_id=56"},"modified":"2015-07-07T09:46:08","modified_gmt":"2015-07-07T15:46:08","slug":"conocenos","status":"publish","type":"page","link":"https:\/\/www.distribuciondinamica.com\/?page_id=56","title":{"rendered":"Con\u00f3cenos"},"content":{"rendered":"<div><strong><span style=\"color: #003366;\">Historia y Evoluci\u00f3n<\/span><\/strong><\/div>\n<div><strong><span style=\"color: #003366;\"><br \/>\n<\/span><\/strong><\/div>\n<div style=\"text-align: justify;\">Distribuci\u00f3n Din\u00e1mica inaugur\u00f3 operaciones en junio de 1991. Bajo este nombre comercial, contaba\u00a0con un solo servicio, el de mensajer\u00eda tur\u00edstica, identificando agencias de viajes y creando rutas zonificadas, optimizando los tiempos de entrega y poniendo al alcance del agente de viajes los antiguos pero tan necesarios itinerarios de las l\u00edneas a\u00e9reas, flyers y folletos de los operadores que en ese entonces exist\u00edan, as\u00ed como revistas tur\u00edsticas e invitaciones.\u00a0En el a\u00f1o de 1993 se trazaron rutas en el interior de Jalisco y en ciudades del Baj\u00edo y para 1995 se aprovech\u00f3 el conocimiento de estas rutas para ofrecer a nuestros clientes trasladar a sus ejecutivos en auto y\u00a0que de manera mas c\u00f3moda y eficiente realizaran sus blitz; este servicio se ofreci\u00f3 a Fideicomisos y Oficinas de Convenciones de Visitantes de diferentes destinos\u00a0al igual que las\u00a0Caravanas. El tener estos servicios de entrega de invitaciones a eventos previos a las visitas nos llev\u00f3 a involucrarnos m\u00e1s en el tema\u00a0por lo que se confirmaban asistencias y se cre\u00f3 un sistema de convocatorias bien definido de acuerdo al perfil del invitado y del anfitri\u00f3n, dependiendo tambi\u00e9n del contexto del evento y sus capacidades.\u00a0Esta sinergia con nuestros clientes gener\u00f3 m\u00e1s \u00e1reas de oportunidad para la ampliaci\u00f3n de canales de distribuci\u00f3n f\u00edsica, visual y electr\u00f3nica que les permitieran promocionar y difundir cada vez m\u00e1s y mejor sus productos y servicios ofertados a diferentes nichos de mercado para la industria tur\u00edstica: agentes de viajes, cuenta comercial y consumidor final.<\/div>\n<div style=\"text-align: justify;\"><\/div>\n<div><strong><span style=\"color: #003366;\">Servicios nuevos<\/span><\/strong><\/div>\n<div>\n<ul>\n<li>P\u00e1gina Web. El portal de la comunidad Tur\u00edstica.<\/li>\n<li>Click.on! Tus mejores momentos hacen Click!.<\/li>\n<li>Mensajer\u00eda Electr\u00f3nica.<\/li>\n<\/ul>\n<\/div>\n<div style=\"text-align: justify;\">Todos los servicios anteriores se han perfeccionado en\u00a0pro de nuestros clientes y con ello se busca que estos beneficios tambi\u00e9n se reflejen en las tarifas para que la relaci\u00f3n costo-beneficio alcance mayor rango de amplitud, es por eso que se ha insistido en nuestra empresa\u00a0la\u00a0promoci\u00f3n de \u00a0una filosof\u00eda de Comunidad, ya que finalmente estamos inmersos en un medio cerrado (Turismo) pero con un sinf\u00edn de diversidades entre quienes lo integramos; la idea es que\u00a0todas las empresas\u00a0tengamos visiones, objetivos y metas afines para tener un bien com\u00fan (seguir impulsando la industria tur\u00edstica) pero que cada empresa sin importar su tama\u00f1o, capacidades y posibilidades, obtenga un resultado positivo en lo particular que le permita un crecimiento sustentable, y que quien ya lo haya logrado lo mantenga y consolide.<\/div>\n<div style=\"text-align: justify;\">Bajo este esquema es que nacen dos nuevos productos bajo la marca de D&amp;D<\/div>\n<div style=\"text-align: justify;\"><\/div>\n<div><strong><span style=\"color: #003366;\">ABZ Tur\u00edstico<span style=\"color: #333333;\"> y<\/span> Anda\u2026<\/span><\/strong><strong><span style=\"color: #003366;\"> vete de viaje!<\/span> Ambas son\u00a0publicaciones de distribuci\u00f3n gratuita.<\/strong><\/div>\n<div><strong><span style=\"color: #003366;\"><br \/>\n<\/span><\/strong><\/div>\n<div style=\"text-align: justify;\"><strong><span style=\"color: #003366;\">ABZ Tur\u00edstico<\/span><\/strong> es\u00a0un magazine de consulta con frecuencia quincenal, dirigido a la industria Tur\u00edstica, con cobertura regional llegando a agentes de viajes y empresas tur\u00edsticas; 700 piezas son destinadas a una ruta definida de 250 cuentas comerciales.\u00a0El tiraje de 3,000 piezas es suficiente para cubrir la zona y hacer llegar m\u00e1s de una pieza por agencia de viajes.\u00a0Al contar con secciones como Click-on!, que presenta las fotograf\u00edas de los eventos tanto a\u00a0nuestro cargo como\u00a0de nuestros clientes, publirreportajes y banners que sirven de aviso de \u00faltimo momento, de ocasi\u00f3n o con fines comerciales pero con un matiz casual, pretendemos crear y crecer el <em>pass-along<\/em> que se estima ser\u00e1 de 3 a 4. La decisi\u00f3n de publicarla dos veces al mes responde a la necesidad de anticipar la informaci\u00f3n de nuestros anunciantes de manera oportuna y eficiente ante las tradicionales f\u00f3rmulas existentes en el mercado.<\/div>\n<p>&nbsp;<\/p>\n<div><strong><span style=\"color: #003366;\">Anda\u2026<\/span><\/strong><span style=\"color: #003366;\"><strong> vete de viaje! <\/strong><span style=\"color: #000000;\">t<\/span><\/span>iene un tiraje inicial de 50,000 piezas a distribuirse en cambaceo y volanteo en zonas y cruceros estrat\u00e9gicos que le den al anunciante la posibilidad de ofertar al mercado que van dirigidos sus productos y servicios. Un porcentaje del tiraje es destinado a una ruta definida de cuenta comercial.\u00a0<strong><span style=\"color: #003366;\">Anda\u2026vete de viaje!<\/span>\u00a0c<\/strong>ircular\u00e1 el viernes y s\u00e1bado m\u00e1s pr\u00f3ximos al d\u00eda quince de cada mes.\u00a0Esta publicaci\u00f3n en su fundamental planeaci\u00f3n tiene involucrar de manera directa a las agencias de viajes, d\u00e1ndoles una participaci\u00f3n activa en conjunto con los anunciantes.\u00a0Ambas publicaciones se distribuyen por medio de personal propio y cabe la posibilidad de que se comparta nuestra playera con logos de nuestros clientes, miembros de la comunidad.<\/div>\n<p><strong><span style=\"color: #000080;\"><strong>F<\/strong><\/span><span style=\"color: #000080;\"><strong>ilosof\u00eda D&amp;D<\/strong><\/span><\/strong><\/p>\n<p>En D&amp;D tenemos como fundamento primordial ser el enlace entre el proveedor de la industria tur\u00edstica, ll\u00e1mense hoteler\u00eda, operadores, arrendadoras, navieras, l\u00edneas a\u00e9reas, revistas tur\u00edsticas, etc., con las agencias de viajes, convirti\u00e9ndonos en una herramienta importante para la comercializaci\u00f3n de sus productos y servicios, haci\u00e9ndolo siempre de manera honesta, eficaz y \u00f3ptima. Buscamos lograr que para nuestro cliente no s\u00f3lo seamos un proveedor de servicios, sino un verdadero socio comercial.<\/p>\n","protected":false},"excerpt":{"rendered":"<p>Historia y Evoluci\u00f3n Distribuci\u00f3n Din\u00e1mica inaugur\u00f3 operaciones en junio de 1991. Bajo este nombre comercial, contaba\u00a0con un solo servicio, el de mensajer\u00eda tur\u00edstica, identificando agencias&#8230;<\/p>\n","protected":false},"author":1,"featured_media":0,"parent":0,"menu_order":0,"comment_status":"open","ping_status":"open","template":"","meta":{"footnotes":""},"class_list":["post-56","page","type-page","status-publish","hentry"],"_links":{"self":[{"href":"https:\/\/www.distribuciondinamica.com\/index.php?rest_route=\/wp\/v2\/pages\/56","targetHints":{"allow":["GET"]}}],"collection":[{"href":"https:\/\/www.distribuciondinamica.com\/index.php?rest_route=\/wp\/v2\/pages"}],"about":[{"href":"https:\/\/www.distribuciondinamica.com\/index.php?rest_route=\/wp\/v2\/types\/page"}],"author":[{"embeddable":true,"href":"https:\/\/www.distribuciondinamica.com\/index.php?rest_route=\/wp\/v2\/users\/1"}],"replies":[{"embeddable":true,"href":"https:\/\/www.distribuciondinamica.com\/index.php?rest_route=%2Fwp%2Fv2%2Fcomments&post=56"}],"version-history":[{"count":0,"href":"https:\/\/www.distribuciondinamica.com\/index.php?rest_route=\/wp\/v2\/pages\/56\/revisions"}],"wp:attachment":[{"href":"https:\/\/www.distribuciondinamica.com\/index.php?rest_route=%2Fwp%2Fv2%2Fmedia&parent=56"}],"curies":[{"name":"wp","href":"https:\/\/api.w.org\/{rel}","templated":true}]}}